{"id":2,"date":"2017-04-18T14:57:40","date_gmt":"2017-04-18T14:57:40","guid":{"rendered":"http:\/\/cargosolutionsgt.com\/web\/?page_id=2"},"modified":"2017-04-26T14:39:46","modified_gmt":"2017-04-26T14:39:46","slug":"quienessomos","status":"publish","type":"page","link":"https:\/\/cargosolutionsgt.com\/web\/quienessomos\/","title":{"rendered":"Quienes Somos"},"content":{"rendered":"<div id=\"all\">\n<div id=\"back\">\n<div id=\"contentarea\">\n<div class=\"item-page\">\n<p><strong>MISION<\/strong><\/p>\n<p>Ofrecerle \u00a0un servicio\u00a0 de Importaci\u00f3n y Exportaci\u00f3n,\u00a0 nuestro\u00a0 objetivo es brindarle a usted un servicio r\u00e1pido y Eficaz, ya que contamos con varios a\u00f1os de experiencia en este campo laborar, ser\u00e1 un gusto atenderle y apoyarlos para que su negocio produzca ganancias.<\/p>\n<p><strong>VISION<\/strong><\/p>\n<p>Convertirnos en una empresa solida de gran crecimiento buscando siempre el liderarazgo en nuestro sector, comprometi\u00e9ndonos con nuestros clientes. Para lograr as\u00ed estabilidad y permanencia en el mercado Guatemalteco con lealtad, \u00e9tica y con profesionalismo para lograr nuestras metas.<\/p>\n<\/div>\n<div class=\"wrap\"><\/div>\n<\/div>\n<\/div>\n<\/div>\n<div id=\"footer-outer\">\n<div id=\"footer-sub\">\n<div id=\"footer\">\n<p>&nbsp;<\/p>\n<\/div>\n<\/div>\n<\/div>\n","protected":false},"excerpt":{"rendered":"<div class=\"slide-text-bg2\"><span>MISION Ofrecerle \u00a0un servicio\u00a0 de Importaci\u00f3n y Exportaci\u00f3n,\u00a0 nuestro\u00a0 objetivo es brindarle a usted un servicio r\u00e1pido y Eficaz, ya que contamos co<\/span><\/div>\n<div class=\"slide-btn-area-sm\"><a href=\"https:\/\/cargosolutionsgt.com\/web\/quienessomos\/\" class=\"slide-btn-sm\">Read More<\/a><\/div>\n","protected":false},"author":1,"featured_media":0,"parent":0,"menu_order":0,"comment_status":"closed","ping_status":"open","template":"","meta":{"footnotes":""},"_links":{"self":[{"href":"https:\/\/cargosolutionsgt.com\/web\/wp-json\/wp\/v2\/pages\/2"}],"collection":[{"href":"https:\/\/cargosolutionsgt.com\/web\/wp-json\/wp\/v2\/pages"}],"about":[{"href":"https:\/\/cargosolutionsgt.com\/web\/wp-json\/wp\/v2\/types\/page"}],"author":[{"embeddable":true,"href":"https:\/\/cargosolutionsgt.com\/web\/wp-json\/wp\/v2\/users\/1"}],"replies":[{"embeddable":true,"href":"https:\/\/cargosolutionsgt.com\/web\/wp-json\/wp\/v2\/comments?post=2"}],"version-history":[{"count":4,"href":"https:\/\/cargosolutionsgt.com\/web\/wp-json\/wp\/v2\/pages\/2\/revisions"}],"predecessor-version":[{"id":66,"href":"https:\/\/cargosolutionsgt.com\/web\/wp-json\/wp\/v2\/pages\/2\/revisions\/66"}],"wp:attachment":[{"href":"https:\/\/cargosolutionsgt.com\/web\/wp-json\/wp\/v2\/media?parent=2"}],"curies":[{"name":"wp","href":"https:\/\/api.w.org\/{rel}","templated":true}]}}